{"id":197,"date":"2014-01-07T17:35:03","date_gmt":"2014-01-07T16:35:03","guid":{"rendered":"http:\/\/www.tracciati.eu\/?page_id=197"},"modified":"2016-08-03T14:16:59","modified_gmt":"2016-08-03T12:16:59","slug":"regole-e-privacy","status":"publish","type":"page","link":"https:\/\/shop.tracciatieditore.it\/index.php\/pagina-di-esempio-2\/regole-e-privacy\/","title":{"rendered":"Regole e Privacy"},"content":{"rendered":"<p>Accetto le seguenti regole:<\/p>\n<p><strong>PREMESSA<\/strong><br \/>\nQuesto sito non rappresenta una testata giornalistica in quanto viene aggiornato senza una periodicit\u00e0. Non pu\u00f2 quindi essere considerato un prodotto editoriale ai sensi della legge n\u00b0 62 del 7 marzo 2001<\/p>\n<p><strong>PROPRIET\u00c0<\/strong><br \/>\nIl dominio <a href=\"http:\/\/www.tracciati.eu\">www.tracciati.eu<\/a>, \u00e8 stato registrato da Emanuele Cenghiaro, che ne \u00e8 il proprietario. \u00c8 fatto divieto di utilizzo della denominazione \u201ctracciati.eu\u201d in qualsiasi forma e modo se non con l\u2019espressa autorizzazione scritta, via e-mail, del proprietario. Si diffida, pena il ricorso ad azione legale, chiuque si appropri e utilizzi questa propriet\u00e0 o il suo nome in modo illegale e fraudolento, o diffonda notizie a suo nome. E\u2019 concessa piena libert\u00e0 di linkare o citare tracciati.eu, sul Web o su carta, con l\u2019unica richiesta di cortese informazione del link o della citazione.<br \/>\nIl presente Blog \u00e8 interamente realizzato su piattaforma WordPress.<\/p>\n<p><strong>COPYRIGHT DOCUMENTAZIONE DISPONIBILE IN QUESTO SITO WEB<br \/>\n<\/strong>L\u2019utente \u00e8 autorizzato a utilizzare la documentazione (quali notizie e articoli) solo a scopo informativo e per uso personale. Vietato l\u2019utilizzo ai fini commerciali. E\u2019 vietata la modifica degli articoli, \u00e8 altres\u00ec concessa la diffusione di tutto il materiale pubblicato, sempre per fini NON COMMERCIALI, sempre se non viene ESPRESSAMENTE dichiarato il contrario negli stessi.<br \/>\nAlcuni testi o immagini inserite in questo blog potrebbero essere tratte da internet e, pertanto, considerate di pubblico dominio; qualora la loro pubblicazione violasse eventuali diritti d&#8217;autore, vogliate comunicarlo via email.<br \/>\nSaranno immediatamente rimossi. L&#8217;autore del blog non \u00e8 responsabile dei siti collegati tramite link n\u00e9 del loro contenuto che pu\u00f2 essere soggetto a variazioni nel tempo.<\/p>\n<p><strong>COLLEGAMENTI A SITI ESTERNI<\/strong><br \/>\nAlcuni dei link di\u00a0<a href=\"http:\/\/www.tracciati.eu\">www.tracciati.eu<\/a>\u00a0puntano a siti e documenti esterni; Tracciati.eu e il suo proprietario, pur facendo un attenta selezione di queste informazioni, \u00a0non sono responsabili del relativo contenuto o di eventuali collegamenti esterni in essi contenuti.<\/p>\n<p><strong>INFORMATIVA SULLA PRIVACY<\/strong>\u00a0(art.13 D.Lgs. 196\/2003)<br \/>\nI dati che i partecipanti al Blog conferiscono all\u2019atto della loro iscrizione sono limitati all\u2019indirizzo e-mail e al nome e cognome, che possono anche non essere pubblicati insieme al commento postato dall\u2019utente, mentre l\u2019indirizzo e-mail viene utilizzato esclusivamente per l\u2019invio delle news del sito. Le opinioni ed i commenti postati dagli utenti e le informazioni e i dati in esso contenuti non saranno destinati ad altro scopo che alla loro pubblicazione sul Blog, in particolare, non ne \u00e8 prevista l\u2019aggregazione o selezione in specifiche banche dati. Eventuali trattamenti a fini statistici che in futuro possa essere intenzione del sito eseguire saranno condotti esclusivamente su base anonima. Mentre la diffusione dei dati anagrafici dell\u2019utente e di quelli rilevabili dai commenti postati deve intendersi direttamente attribuita alla iniziativa dell\u2019utente medesimo, garantiamo che nessuna altra ipotesi di trasmissione o diffusione degli stessi \u00e8, dunque, prevista. In ogni caso, l\u2019utente ha in ogni momento la possibilit\u00e0 di esercitare i diritti di cui all\u2019 art. 7 del D.Lgs. 196\/2003. Per far valere tali diritti, l&#8217;Utente pu\u00f2 rivolgersi direttamente al Titolare del Trattamento dei Dati personali all&#8217;indirizzo comunicazione@tracciati.eu.<\/p>\n<p><strong>REGOLE GENERALI<\/strong><br \/>\nI commenti espressi dagli utenti\u00a0<strong>sono di loro esclusiva responsabilit\u00e0<\/strong>, <a href=\"http:\/\/www.tracciati.eu\">www.tracciati.eu<\/a> si riserva\u00a0<strong>in modo incondizionato<\/strong>\u00a0di cancellare tutti i commenti ritenuti offensivi o lesivi dell\u2019immagine o dell\u2019onorabilit\u00e0 di terzi, di genere, spam, razzisti o che contengano dati personali non conformi al rispetto delle norme sulla Privacy, senza alcun preavviso, \u00a0e di\u00a0<strong>cancellare senza alcun preavviso<\/strong>\u00a0l\u2019utente stesso nei casi ritenuti pi\u00f9 gravi.<br \/>\nIn caso di invio di articoli con richiesta di pubblicazione, www.tracciati.eu valuter\u00e0 con attenzione ogni articolo inviato dagli utenti (che sono pregati cortesemente di allegare anche la fonte dello stesso), e li pubblicher\u00e0 a sua discrezione ed esclusivamente a titolo gratuito.<\/p>\n<p><strong>ACCETTAZIONE DELLE PRESENTI CONDIZIONI<\/strong><br \/>\nCon la registrazione a questo sito, aderite espressamente alla politica sulla privacy relativa al sito <a href=\"http:\/\/www.tracciati.eu\">www.tracciati.eu<\/a>.\u00a0In caso di mancata accettazione delle condizioni della presente politica, non potrete registrarvi a questo sito.<br \/>\n<a href=\"http:\/\/www.tracciati.eu\">www.tracciati.eu<\/a> si riserva il diritto, a propria discrezione e in qualsiasi momento, di modificare, variare, aggiungere o cancellare parte del testo della presente politica. Vi consigliamo pertanto di verificate le eventuali variazioni controllando periodicamente questa pagina.<\/p>\n<p>Per l&#8217;iscrizione e l&#8217;accettazione di queste condizioni, vai alla pagina <a title=\"contatti e newsletter\" href=\"http:\/\/www.tracciati.eu\/?page_id=2\">contatti e newsletter<\/a>.<\/p>\n","protected":false},"excerpt":{"rendered":"<p>Accetto le seguenti regole: PREMESSA Questo sito non rappresenta una testata giornalistica in quanto viene aggiornato senza una periodicit\u00e0. Non pu\u00f2 quindi essere considerato un prodotto editoriale ai sensi della legge n\u00b0 62 del 7 marzo 2001 PROPRIET\u00c0 Il dominio www.tracciati.eu, \u00e8 stato registrato da Emanuele Cenghiaro, che ne \u00e8 il proprietario. \u00c8 fatto divieto di utilizzo della denominazione \u201ctracciati.eu\u201d &hellip;<\/p>\n","protected":false},"author":1,"featured_media":0,"parent":5,"menu_order":4,"comment_status":"open","ping_status":"open","template":"","meta":{"footnotes":""},"class_list":["post-197","page","type-page","status-publish","hentry","archive-loop-container"],"_links":{"self":[{"href":"https:\/\/shop.tracciatieditore.it\/index.php\/wp-json\/wp\/v2\/pages\/197","targetHints":{"allow":["GET"]}}],"collection":[{"href":"https:\/\/shop.tracciatieditore.it\/index.php\/wp-json\/wp\/v2\/pages"}],"about":[{"href":"https:\/\/shop.tracciatieditore.it\/index.php\/wp-json\/wp\/v2\/types\/page"}],"author":[{"embeddable":true,"href":"https:\/\/shop.tracciatieditore.it\/index.php\/wp-json\/wp\/v2\/users\/1"}],"replies":[{"embeddable":true,"href":"https:\/\/shop.tracciatieditore.it\/index.php\/wp-json\/wp\/v2\/comments?post=197"}],"version-history":[{"count":3,"href":"https:\/\/shop.tracciatieditore.it\/index.php\/wp-json\/wp\/v2\/pages\/197\/revisions"}],"predecessor-version":[{"id":1296,"href":"https:\/\/shop.tracciatieditore.it\/index.php\/wp-json\/wp\/v2\/pages\/197\/revisions\/1296"}],"up":[{"embeddable":true,"href":"https:\/\/shop.tracciatieditore.it\/index.php\/wp-json\/wp\/v2\/pages\/5"}],"wp:attachment":[{"href":"https:\/\/shop.tracciatieditore.it\/index.php\/wp-json\/wp\/v2\/media?parent=197"}],"curies":[{"name":"wp","href":"https:\/\/api.w.org\/{rel}","templated":true}]}}

<p>Accetto le seguenti regole:</p>
<p><strong>PREMESSA</strong><br />
Questo sito non rappresenta una testata giornalistica in quanto viene aggiornato senza una periodicità. Non può quindi essere considerato un prodotto editoriale ai sensi della legge n° 62 del 7 marzo 2001</p>
<p><strong>PROPRIETÀ</strong><br />
Il dominio <a href="http://www.tracciati.eu">www.tracciati.eu</a>, è stato registrato da Emanuele Cenghiaro, che ne è il proprietario. È fatto divieto di utilizzo della denominazione “tracciati.eu” in qualsiasi forma e modo se non con l’espressa autorizzazione scritta, via e-mail, del proprietario. Si diffida, pena il ricorso ad azione legale, chiuque si appropri e utilizzi questa proprietà o il suo nome in modo illegale e fraudolento, o diffonda notizie a suo nome. E’ concessa piena libertà di linkare o citare tracciati.eu, sul Web o su carta, con l’unica richiesta di cortese informazione del link o della citazione.<br />
Il presente Blog è interamente realizzato su piattaforma WordPress.</p>
<p><strong>COPYRIGHT DOCUMENTAZIONE DISPONIBILE IN QUESTO SITO WEB<br />
</strong>L’utente è autorizzato a utilizzare la documentazione (quali notizie e articoli) solo a scopo informativo e per uso personale. Vietato l’utilizzo ai fini commerciali. E’ vietata la modifica degli articoli, è altresì concessa la diffusione di tutto il materiale pubblicato, sempre per fini NON COMMERCIALI, sempre se non viene ESPRESSAMENTE dichiarato il contrario negli stessi.<br />
Alcuni testi o immagini inserite in questo blog potrebbero essere tratte da internet e, pertanto, considerate di pubblico dominio; qualora la loro pubblicazione violasse eventuali diritti d&#8217;autore, vogliate comunicarlo via email.<br />
Saranno immediatamente rimossi. L&#8217;autore del blog non è responsabile dei siti collegati tramite link né del loro contenuto che può essere soggetto a variazioni nel tempo.</p>
<p><strong>COLLEGAMENTI A SITI ESTERNI</strong><br />
Alcuni dei link di <a href="http://www.tracciati.eu">www.tracciati.eu</a> puntano a siti e documenti esterni; Tracciati.eu e il suo proprietario, pur facendo un attenta selezione di queste informazioni,  non sono responsabili del relativo contenuto o di eventuali collegamenti esterni in essi contenuti.</p>
<p><strong>INFORMATIVA SULLA PRIVACY</strong> (art.13 D.Lgs. 196/2003)<br />
I dati che i partecipanti al Blog conferiscono all’atto della loro iscrizione sono limitati all’indirizzo e-mail e al nome e cognome, che possono anche non essere pubblicati insieme al commento postato dall’utente, mentre l’indirizzo e-mail viene utilizzato esclusivamente per l’invio delle news del sito. Le opinioni ed i commenti postati dagli utenti e le informazioni e i dati in esso contenuti non saranno destinati ad altro scopo che alla loro pubblicazione sul Blog, in particolare, non ne è prevista l’aggregazione o selezione in specifiche banche dati. Eventuali trattamenti a fini statistici che in futuro possa essere intenzione del sito eseguire saranno condotti esclusivamente su base anonima. Mentre la diffusione dei dati anagrafici dell’utente e di quelli rilevabili dai commenti postati deve intendersi direttamente attribuita alla iniziativa dell’utente medesimo, garantiamo che nessuna altra ipotesi di trasmissione o diffusione degli stessi è, dunque, prevista. In ogni caso, l’utente ha in ogni momento la possibilità di esercitare i diritti di cui all’ art. 7 del D.Lgs. 196/2003. Per far valere tali diritti, l&#8217;Utente può rivolgersi direttamente al Titolare del Trattamento dei Dati personali all&#8217;indirizzo comunicazione@tracciati.eu.</p>
<p><strong>REGOLE GENERALI</strong><br />
I commenti espressi dagli utenti <strong>sono di loro esclusiva responsabilità</strong>, <a href="http://www.tracciati.eu">www.tracciati.eu</a> si riserva <strong>in modo incondizionato</strong> di cancellare tutti i commenti ritenuti offensivi o lesivi dell’immagine o dell’onorabilità di terzi, di genere, spam, razzisti o che contengano dati personali non conformi al rispetto delle norme sulla Privacy, senza alcun preavviso,  e di <strong>cancellare senza alcun preavviso</strong> l’utente stesso nei casi ritenuti più gravi.<br />
In caso di invio di articoli con richiesta di pubblicazione, www.tracciati.eu valuterà con attenzione ogni articolo inviato dagli utenti (che sono pregati cortesemente di allegare anche la fonte dello stesso), e li pubblicherà a sua discrezione ed esclusivamente a titolo gratuito.</p>
<p><strong>ACCETTAZIONE DELLE PRESENTI CONDIZIONI</strong><br />
Con la registrazione a questo sito, aderite espressamente alla politica sulla privacy relativa al sito <a href="http://www.tracciati.eu">www.tracciati.eu</a>. In caso di mancata accettazione delle condizioni della presente politica, non potrete registrarvi a questo sito.<br />
<a href="http://www.tracciati.eu">www.tracciati.eu</a> si riserva il diritto, a propria discrezione e in qualsiasi momento, di modificare, variare, aggiungere o cancellare parte del testo della presente politica. Vi consigliamo pertanto di verificate le eventuali variazioni controllando periodicamente questa pagina.</p>
<p>Per l&#8217;iscrizione e l&#8217;accettazione di queste condizioni, vai alla pagina <a title="contatti e newsletter" href="http://www.tracciati.eu/?page_id=2">contatti e newsletter</a>.</p>

<p>Accetto le seguenti regole: PREMESSA Questo sito non rappresenta una testata giornalistica in quanto viene aggiornato senza una periodicità. Non può quindi essere considerato un prodotto editoriale ai sensi della legge n° 62 del 7 marzo 2001 PROPRIETÀ Il dominio www.tracciati.eu, è stato registrato da Emanuele Cenghiaro, che ne è il proprietario. È fatto divieto di utilizzo della denominazione “tracciati.eu” &hellip;</p>
