{"id":1436,"date":"2017-05-30T16:11:51","date_gmt":"2017-05-30T14:11:51","guid":{"rendered":"http:\/\/www.tracciati.eu\/tracciatieditore\/?post_type=product&#038;p=1436"},"modified":"2017-09-24T11:41:01","modified_gmt":"2017-09-24T09:41:01","slug":"orlando-tisato-luomo-il-pittore","status":"publish","type":"product","link":"https:\/\/shop.tracciatieditore.it\/index.php\/prodotto\/orlando-tisato-luomo-il-pittore\/","title":{"rendered":"Orlando Tisato. L&#8217;uomo, il pittore"},"content":{"rendered":"<p>La prima e attesa biografia \u201cufficiale\u201d di Orlando Tisato, il \u201cpittore\u201d di Noventa Padovana,\u00a0nei luoghi e i tempi in cui si \u00e8 formata la sua complessa personalit\u00e0 artistica, spirituale e istrionica.\u00a0Un dettagliato lavoro di ricostruzione storica\u00a0attraverso gli scritti autobiografici, le opere,\u00a0le testimonianze di chi lo ha conosciuto.<\/p>\n<p><a href=\"http:\/\/www.tracciati.eu\/wp-content\/uploads\/2014\/08\/Orlando-Tisato.jpg\" rel=\"attachment wp-att-720\"><img loading=\"lazy\" decoding=\"async\" class=\"size-medium wp-image-720 alignleft\" src=\"http:\/\/www.tracciati.eu\/wp-content\/uploads\/2014\/08\/Orlando-Tisato-300x199.jpg\" alt=\"Orlando Tisato\" width=\"300\" height=\"199\" \/><\/a>A proporlo \u00e8 la pronipote Sofia, che completa cos\u00ec un lungo lavoro di ricerca e ci offre un libro che \u00e8 quasi un romanzo alla scoperta di una persona\u00a0e del suo complesso percorso artistico e spirituale\u00a0-passato tra il paese di origine e quello di adozione, Spello, con intermezzi a New York e in Australia \u2013 ma anche di un\u2019epoca ricca di fermenti\u00a0culturali e sociali,\u00a0di\u00a0cui Tisato fu a modo suo un vero\u00a0protagonista.<\/p>\n<p>Per approfondire la figura di Orlando Tisato, Sofia ha anche creato il\u00a0blog\u00a0<a href=\"http:\/\/orlandotisato.weebly.com\/blog\/category\/orlando-tisato\" target=\"_blank\">Orlando Tisato<\/a>.<span id=\"more-894\"><\/span><\/p>\n<p>Con l\u2019occasione dell\u2019uscita del volume,\u00a0<a href=\"http:\/\/www.rossopadova.com\/\" target=\"_blank\">#rossopadova<\/a>\u00a0ha realizzato un cortometraggio visibile a questo <a href=\"https:\/\/www.youtube.com\/watch?v=HBLFmszBHnw\" target=\"_blank\">link<\/a>.<\/p>\n","protected":false},"excerpt":{"rendered":"<p><strong><span class=\"Apple-style-span\">di Sofia Tisato<\/span><\/strong><\/p>\n","protected":false},"featured_media":1216,"comment_status":"open","ping_status":"closed","template":"","meta":[],"product_brand":[],"product_cat":[164],"product_tag":[],"class_list":{"0":"post-1436","1":"product","2":"type-product","3":"status-publish","4":"has-post-thumbnail","6":"product_cat-catalogo","7":"archive-loop-container","9":"first","10":"instock","11":"shipping-taxable","12":"purchasable","13":"product-type-simple"},"_links":{"self":[{"href":"https:\/\/shop.tracciatieditore.it\/index.php\/wp-json\/wp\/v2\/product\/1436","targetHints":{"allow":["GET"]}}],"collection":[{"href":"https:\/\/shop.tracciatieditore.it\/index.php\/wp-json\/wp\/v2\/product"}],"about":[{"href":"https:\/\/shop.tracciatieditore.it\/index.php\/wp-json\/wp\/v2\/types\/product"}],"replies":[{"embeddable":true,"href":"https:\/\/shop.tracciatieditore.it\/index.php\/wp-json\/wp\/v2\/comments?post=1436"}],"wp:featuredmedia":[{"embeddable":true,"href":"https:\/\/shop.tracciatieditore.it\/index.php\/wp-json\/wp\/v2\/media\/1216"}],"wp:attachment":[{"href":"https:\/\/shop.tracciatieditore.it\/index.php\/wp-json\/wp\/v2\/media?parent=1436"}],"wp:term":[{"taxonomy":"product_brand","embeddable":true,"href":"https:\/\/shop.tracciatieditore.it\/index.php\/wp-json\/wp\/v2\/product_brand?post=1436"},{"taxonomy":"product_cat","embeddable":true,"href":"https:\/\/shop.tracciatieditore.it\/index.php\/wp-json\/wp\/v2\/product_cat?post=1436"},{"taxonomy":"product_tag","embeddable":true,"href":"https:\/\/shop.tracciatieditore.it\/index.php\/wp-json\/wp\/v2\/product_tag?post=1436"}],"curies":[{"name":"wp","href":"https:\/\/api.w.org\/{rel}","templated":true}]}}