{"id":1561,"date":"2017-10-19T09:09:39","date_gmt":"2017-10-19T07:09:39","guid":{"rendered":"http:\/\/www.tracciati.eu\/tracciatieditore\/?post_type=product&#038;p=1561"},"modified":"2024-11-16T19:23:18","modified_gmt":"2024-11-16T18:23:18","slug":"dammi-cinque-piccole-storie","status":"publish","type":"product","link":"https:\/\/shop.tracciatieditore.it\/index.php\/prodotto\/dammi-cinque-piccole-storie\/","title":{"rendered":"Dammi cinque (piccole storie)"},"content":{"rendered":"<p>La cinquina di racconti \u00e8 l&#8217;ideale prosecuzione dell&#8217;altro libro, &#8220;<a href=\"http:\/\/www.tracciati.eu\/tracciatieditore\/index.php\/2014\/04\/09\/tre-damore\/\">Tre d&#8217;amore<\/a>&#8220;, in cui erano gi\u00e0 presenti tre degli autori che, ora, riprongono una nuova storia. Il filo conduttore, stavolta, \u00e8 una sorta di complilcit\u00e0, di solidariet\u00e0 concreta, ispirata a un gesto ormai comune, il &#8220;Dammi cinque&#8221;.<\/p>\n<p>Vedi <a href=\"http:\/\/www.tracciati.eu\/tracciatieditore\/index.php\/2017\/10\/19\/dammi-cinque-piccole-storie-un-nuovo-tassello-della-collana-i-tralci\/\">descrizione completa<\/a>.<\/p>\n","protected":false},"excerpt":{"rendered":"<p>di Paolo Meneghini, Giovanni Rattini, Anna Trevisan, Lodovica Vendemiati, Alberto Zanella<\/p>\n","protected":false},"featured_media":1554,"comment_status":"open","ping_status":"closed","template":"","meta":[],"product_brand":[],"product_cat":[217,164],"product_tag":[146,141,145,200,199],"class_list":{"0":"post-1561","1":"product","2":"type-product","3":"status-publish","4":"has-post-thumbnail","6":"product_cat-i-tralci","7":"product_cat-catalogo","8":"product_tag-meneghini-paolo","9":"product_tag-rattini-giovanni","10":"product_tag-trevisan-anna","11":"product_tag-vendemiati-lodovica","12":"product_tag-zanella-alberto","13":"archive-loop-container","15":"first","16":"instock","17":"shipping-taxable","18":"purchasable","19":"product-type-simple"},"_links":{"self":[{"href":"https:\/\/shop.tracciatieditore.it\/index.php\/wp-json\/wp\/v2\/product\/1561","targetHints":{"allow":["GET"]}}],"collection":[{"href":"https:\/\/shop.tracciatieditore.it\/index.php\/wp-json\/wp\/v2\/product"}],"about":[{"href":"https:\/\/shop.tracciatieditore.it\/index.php\/wp-json\/wp\/v2\/types\/product"}],"replies":[{"embeddable":true,"href":"https:\/\/shop.tracciatieditore.it\/index.php\/wp-json\/wp\/v2\/comments?post=1561"}],"wp:featuredmedia":[{"embeddable":true,"href":"https:\/\/shop.tracciatieditore.it\/index.php\/wp-json\/wp\/v2\/media\/1554"}],"wp:attachment":[{"href":"https:\/\/shop.tracciatieditore.it\/index.php\/wp-json\/wp\/v2\/media?parent=1561"}],"wp:term":[{"taxonomy":"product_brand","embeddable":true,"href":"https:\/\/shop.tracciatieditore.it\/index.php\/wp-json\/wp\/v2\/product_brand?post=1561"},{"taxonomy":"product_cat","embeddable":true,"href":"https:\/\/shop.tracciatieditore.it\/index.php\/wp-json\/wp\/v2\/product_cat?post=1561"},{"taxonomy":"product_tag","embeddable":true,"href":"https:\/\/shop.tracciatieditore.it\/index.php\/wp-json\/wp\/v2\/product_tag?post=1561"}],"curies":[{"name":"wp","href":"https:\/\/api.w.org\/{rel}","templated":true}]}}

<p>La cinquina di racconti è l&#8217;ideale prosecuzione dell&#8217;altro libro, &#8220;<a href="http://www.tracciati.eu/tracciatieditore/index.php/2014/04/09/tre-damore/">Tre d&#8217;amore</a>&#8220;, in cui erano già presenti tre degli autori che, ora, riprongono una nuova storia. Il filo conduttore, stavolta, è una sorta di complilcità, di solidarietà concreta, ispirata a un gesto ormai comune, il &#8220;Dammi cinque&#8221;.</p>
<p>Vedi <a href="http://www.tracciati.eu/tracciatieditore/index.php/2017/10/19/dammi-cinque-piccole-storie-un-nuovo-tassello-della-collana-i-tralci/">descrizione completa</a>.</p>
