{"id":1939,"date":"2020-02-26T10:11:35","date_gmt":"2020-02-26T09:11:35","guid":{"rendered":"http:\/\/www.tracciati.eu\/tracciatieditore\/?post_type=product&#038;p=1939"},"modified":"2024-11-10T17:47:11","modified_gmt":"2024-11-10T16:47:11","slug":"memorie-di-prigionia","status":"publish","type":"product","link":"https:\/\/shop.tracciatieditore.it\/index.php\/prodotto\/memorie-di-prigionia\/","title":{"rendered":"Memorie di Prigionia"},"content":{"rendered":"<p>Un anno e otto mesi di prigionia, un mese e mezzo per il rientro. Questa l\u2019odissea vissuta da Luigi Marchetti, padovano, classe 1923, durante la Seconda guerra mondiale. Militare a Pola e poi Karlovac, \u00e8 in quest\u2019ultima citt\u00e0 allora Jugoslavia, oggi Croazia, che viene colto assieme ai suoi commilitoni dall\u20198 settembre 1943, Quindi l\u2019arresto, il trasferimento in Germania stipati in 40 per ogni vagone merci, la schedatura nel campo Stalag IV B e infine la destinazione: il campo di lavoro a Radeberg, nei pressi di Dresda.<\/p>\n<p>Il &#8220;diario&#8221;, scritto nei mesi immediatamente successivi il rimpatrio, \u00e8 breve ma scritto con grande lucidit\u00e0 e ritrae uno spaccato della vita, delle difficolt\u00e0 e delle paure di in militare internato durante la Seconda guerra mondiale.<\/p>\n","protected":false},"excerpt":{"rendered":"<p><strong>Memorie di prigionia<\/strong><\/p>\n<p>di Luigi Marchetti<\/p>\n","protected":false},"featured_media":1926,"comment_status":"open","ping_status":"closed","template":"","meta":[],"product_brand":[],"product_cat":[164,229,195],"product_tag":[212],"class_list":{"0":"post-1939","1":"product","2":"type-product","3":"status-publish","4":"has-post-thumbnail","6":"product_cat-catalogo","7":"product_cat-la-storia-i-m-i","8":"product_cat-la-storia","9":"product_tag-imi","10":"archive-loop-container","12":"first","13":"instock","14":"sale","15":"featured","16":"shipping-taxable","17":"purchasable","18":"product-type-simple"},"_links":{"self":[{"href":"https:\/\/shop.tracciatieditore.it\/index.php\/wp-json\/wp\/v2\/product\/1939","targetHints":{"allow":["GET"]}}],"collection":[{"href":"https:\/\/shop.tracciatieditore.it\/index.php\/wp-json\/wp\/v2\/product"}],"about":[{"href":"https:\/\/shop.tracciatieditore.it\/index.php\/wp-json\/wp\/v2\/types\/product"}],"replies":[{"embeddable":true,"href":"https:\/\/shop.tracciatieditore.it\/index.php\/wp-json\/wp\/v2\/comments?post=1939"}],"wp:featuredmedia":[{"embeddable":true,"href":"https:\/\/shop.tracciatieditore.it\/index.php\/wp-json\/wp\/v2\/media\/1926"}],"wp:attachment":[{"href":"https:\/\/shop.tracciatieditore.it\/index.php\/wp-json\/wp\/v2\/media?parent=1939"}],"wp:term":[{"taxonomy":"product_brand","embeddable":true,"href":"https:\/\/shop.tracciatieditore.it\/index.php\/wp-json\/wp\/v2\/product_brand?post=1939"},{"taxonomy":"product_cat","embeddable":true,"href":"https:\/\/shop.tracciatieditore.it\/index.php\/wp-json\/wp\/v2\/product_cat?post=1939"},{"taxonomy":"product_tag","embeddable":true,"href":"https:\/\/shop.tracciatieditore.it\/index.php\/wp-json\/wp\/v2\/product_tag?post=1939"}],"curies":[{"name":"wp","href":"https:\/\/api.w.org\/{rel}","templated":true}]}}

<p>Un anno e otto mesi di prigionia, un mese e mezzo per il rientro. Questa l’odissea vissuta da Luigi Marchetti, padovano, classe 1923, durante la Seconda guerra mondiale. Militare a Pola e poi Karlovac, è in quest’ultima città allora Jugoslavia, oggi Croazia, che viene colto assieme ai suoi commilitoni dall’8 settembre 1943, Quindi l’arresto, il trasferimento in Germania stipati in 40 per ogni vagone merci, la schedatura nel campo Stalag IV B e infine la destinazione: il campo di lavoro a Radeberg, nei pressi di Dresda.</p>
<p>Il &#8220;diario&#8221;, scritto nei mesi immediatamente successivi il rimpatrio, è breve ma scritto con grande lucidità e ritrae uno spaccato della vita, delle difficoltà e delle paure di in militare internato durante la Seconda guerra mondiale.</p>
