{"id":1988,"date":"2020-06-15T11:29:37","date_gmt":"2020-06-15T09:29:37","guid":{"rendered":"http:\/\/www.tracciati.eu\/tracciatieditore\/?post_type=product&#038;p=1988"},"modified":"2024-11-16T19:19:47","modified_gmt":"2024-11-16T18:19:47","slug":"piazza-insurrezione-1945","status":"publish","type":"product","link":"https:\/\/shop.tracciatieditore.it\/index.php\/prodotto\/piazza-insurrezione-1945\/","title":{"rendered":"Piazza dell&#8217;Insurrezione 28 Aprile 1945"},"content":{"rendered":"<p>Piazza Insurrezione \u00e8 senza dubbio uno dei luoghi pi\u00f9 sconosciuti di Padova, ma anche uno tra i pi\u00f9 interessanti bench\u00e9 abbia preso il posto<br \/>\ndi un quartiere medievale brutalmente abbattuto dopo il 1921 per fare spazio alla \u201cmodernit\u00e0\u201d.<br \/>\nPiaccia o no, i migliori architetti e artisti padovani del Ventesimo (e Ventunesimo) secolo si ritrovano, se non tutti la gran parte, proprio in questo luogo. Esso diventa quindi una fucina di dibattito e sperimentazione<br \/>\nche tuttora contribuisce a disegnare il futuro della citt\u00e0.<\/p>\n<p>Questo nuovo contributo di Pietro Casetta \u00e8 un originale tentativo di riscoprire in questa piazza il pensiero e i progetti di chi ha poi contribuito, in molti altri luoghi, nel bene e nel male, a disegnare Padova cos\u00ec come oggi la vediamo.<\/p>\n","protected":false},"excerpt":{"rendered":"<h1>Piazza dell\u2019Insurrezione 28 Aprile 1945<\/h1>\n<p><strong>Guida architettonica e artistica<\/strong><br \/>\na cura di Pietro Casetta<\/p>\n","protected":false},"featured_media":1865,"comment_status":"open","ping_status":"closed","template":"","meta":[],"product_brand":[],"product_cat":[164,247],"product_tag":[196],"class_list":{"0":"post-1988","1":"product","2":"type-product","3":"status-publish","4":"has-post-thumbnail","6":"product_cat-catalogo","7":"product_cat-territorioturismo","8":"product_tag-casetta-pietro-padova","9":"archive-loop-container","11":"first","12":"instock","13":"shipping-taxable","14":"purchasable","15":"product-type-simple"},"_links":{"self":[{"href":"https:\/\/shop.tracciatieditore.it\/index.php\/wp-json\/wp\/v2\/product\/1988","targetHints":{"allow":["GET"]}}],"collection":[{"href":"https:\/\/shop.tracciatieditore.it\/index.php\/wp-json\/wp\/v2\/product"}],"about":[{"href":"https:\/\/shop.tracciatieditore.it\/index.php\/wp-json\/wp\/v2\/types\/product"}],"replies":[{"embeddable":true,"href":"https:\/\/shop.tracciatieditore.it\/index.php\/wp-json\/wp\/v2\/comments?post=1988"}],"wp:featuredmedia":[{"embeddable":true,"href":"https:\/\/shop.tracciatieditore.it\/index.php\/wp-json\/wp\/v2\/media\/1865"}],"wp:attachment":[{"href":"https:\/\/shop.tracciatieditore.it\/index.php\/wp-json\/wp\/v2\/media?parent=1988"}],"wp:term":[{"taxonomy":"product_brand","embeddable":true,"href":"https:\/\/shop.tracciatieditore.it\/index.php\/wp-json\/wp\/v2\/product_brand?post=1988"},{"taxonomy":"product_cat","embeddable":true,"href":"https:\/\/shop.tracciatieditore.it\/index.php\/wp-json\/wp\/v2\/product_cat?post=1988"},{"taxonomy":"product_tag","embeddable":true,"href":"https:\/\/shop.tracciatieditore.it\/index.php\/wp-json\/wp\/v2\/product_tag?post=1988"}],"curies":[{"name":"wp","href":"https:\/\/api.w.org\/{rel}","templated":true}]}}

<p>Piazza Insurrezione è senza dubbio uno dei luoghi più sconosciuti di Padova, ma anche uno tra i più interessanti benché abbia preso il posto<br />
di un quartiere medievale brutalmente abbattuto dopo il 1921 per fare spazio alla “modernità”.<br />
Piaccia o no, i migliori architetti e artisti padovani del Ventesimo (e Ventunesimo) secolo si ritrovano, se non tutti la gran parte, proprio in questo luogo. Esso diventa quindi una fucina di dibattito e sperimentazione<br />
che tuttora contribuisce a disegnare il futuro della città.</p>
<p>Questo nuovo contributo di Pietro Casetta è un originale tentativo di riscoprire in questa piazza il pensiero e i progetti di chi ha poi contribuito, in molti altri luoghi, nel bene e nel male, a disegnare Padova così come oggi la vediamo.</p>
