{"id":2356,"date":"2024-08-23T11:06:22","date_gmt":"2024-08-23T09:06:22","guid":{"rendered":"https:\/\/www.tracciati.eu\/tracciatieditore\/?post_type=product&#038;p=2356"},"modified":"2024-11-10T17:35:34","modified_gmt":"2024-11-10T16:35:34","slug":"piccole-storie-dellaltro-mondo","status":"publish","type":"product","link":"https:\/\/shop.tracciatieditore.it\/index.php\/prodotto\/piccole-storie-dellaltro-mondo\/","title":{"rendered":"Piccole storie dell&#8217;altro mondo. Racconti e poesie"},"content":{"rendered":"<p>Questo volumetto raccoglie gli scritti \u2013 brevi racconti, poesie, ricordi \u2013 di Egidio Novello, storico maestro elementare di Campocroce, piccola frazione di Mirano (Venezia), e grande amante della Storia e delle storie, in particolare quelle del proprio paese.<\/p>\n<p>Si ritrovano cos\u00ec in queste pagine, la cui edizione \u00e8 stata curata dopo la scomparsa dell\u2019autore dalla moglie e dai figli, episodi e personaggi di un mondo che non c\u2019\u00e8 pi\u00f9 e che oggi appare molto lontano, bench\u00e9 cos\u00ec tanto realmente non lo sia. Veri o finti, i personaggi e i fatti sono comunque ispirati a storie reali o che reali avrebbero potuto esserlo.<\/p>\n<p>Sono un diretto omaggio al dialetto le poesie,<span class=\"Apple-converted-space\">\u00a0 <\/span>testimonianza concreta dell\u2019amore per una lingua in cui il maestro Egidio si esprimeva e che ha contribuito a valorizzare.<\/p>\n","protected":false},"excerpt":{"rendered":"<p><strong><span style=\"color: #800000;\"><a style=\"color: #800000;\" href=\"https:\/\/www.tracciati.eu\/index.php\/2024\/08\/23\/le-piccole-storie-dellaltro-mondo-di-egidio-novello\/\">Piccole storie dell&#8217;altro mondo. Racconti e poesie<\/a><br \/>\n<\/span><\/strong><strong>di Egidio Novello<\/strong><br \/>\nPag. 96 \u2013 Euro 13,00<\/p>\n","protected":false},"featured_media":2357,"comment_status":"open","ping_status":"closed","template":"","meta":[],"product_brand":[],"product_cat":[217,164],"product_tag":[],"class_list":{"0":"post-2356","1":"product","2":"type-product","3":"status-publish","4":"has-post-thumbnail","6":"product_cat-i-tralci","7":"product_cat-catalogo","8":"archive-loop-container","10":"first","11":"instock","12":"shipping-taxable","13":"purchasable","14":"product-type-simple"},"_links":{"self":[{"href":"https:\/\/shop.tracciatieditore.it\/index.php\/wp-json\/wp\/v2\/product\/2356","targetHints":{"allow":["GET"]}}],"collection":[{"href":"https:\/\/shop.tracciatieditore.it\/index.php\/wp-json\/wp\/v2\/product"}],"about":[{"href":"https:\/\/shop.tracciatieditore.it\/index.php\/wp-json\/wp\/v2\/types\/product"}],"replies":[{"embeddable":true,"href":"https:\/\/shop.tracciatieditore.it\/index.php\/wp-json\/wp\/v2\/comments?post=2356"}],"wp:featuredmedia":[{"embeddable":true,"href":"https:\/\/shop.tracciatieditore.it\/index.php\/wp-json\/wp\/v2\/media\/2357"}],"wp:attachment":[{"href":"https:\/\/shop.tracciatieditore.it\/index.php\/wp-json\/wp\/v2\/media?parent=2356"}],"wp:term":[{"taxonomy":"product_brand","embeddable":true,"href":"https:\/\/shop.tracciatieditore.it\/index.php\/wp-json\/wp\/v2\/product_brand?post=2356"},{"taxonomy":"product_cat","embeddable":true,"href":"https:\/\/shop.tracciatieditore.it\/index.php\/wp-json\/wp\/v2\/product_cat?post=2356"},{"taxonomy":"product_tag","embeddable":true,"href":"https:\/\/shop.tracciatieditore.it\/index.php\/wp-json\/wp\/v2\/product_tag?post=2356"}],"curies":[{"name":"wp","href":"https:\/\/api.w.org\/{rel}","templated":true}]}}

<p>Questo volumetto raccoglie gli scritti – brevi racconti, poesie, ricordi – di Egidio Novello, storico maestro elementare di Campocroce, piccola frazione di Mirano (Venezia), e grande amante della Storia e delle storie, in particolare quelle del proprio paese.</p>
<p>Si ritrovano così in queste pagine, la cui edizione è stata curata dopo la scomparsa dell’autore dalla moglie e dai figli, episodi e personaggi di un mondo che non c’è più e che oggi appare molto lontano, benché così tanto realmente non lo sia. Veri o finti, i personaggi e i fatti sono comunque ispirati a storie reali o che reali avrebbero potuto esserlo.</p>
<p>Sono un diretto omaggio al dialetto le poesie,<span class="Apple-converted-space">  </span>testimonianza concreta dell’amore per una lingua in cui il maestro Egidio si esprimeva e che ha contribuito a valorizzare.</p>
