{"id":2361,"date":"2024-08-28T18:00:13","date_gmt":"2024-08-28T16:00:13","guid":{"rendered":"https:\/\/www.tracciati.eu\/tracciatieditore\/?post_type=product&#038;p=2361"},"modified":"2024-11-16T19:35:26","modified_gmt":"2024-11-16T18:35:26","slug":"scomparsi","status":"publish","type":"product","link":"https:\/\/shop.tracciatieditore.it\/index.php\/prodotto\/scomparsi\/","title":{"rendered":"Scomparsi"},"content":{"rendered":"<p>Una notte del 1915 il parroco di Besenello, in provincia di Trento, scompare. Un intero paese si chiede che fine abbia fatto.Una bambina di appena 5 anni rimane sotto shock tanto che, ormai centenaria, continua a raccontare l&#8217;episodio, mai chiarito, assieme ad altri casi di \u201cscomparsi\u201d dal paese. Come quello di una donna, arrestata dalle autorit\u00e0 in un anno imprecisato di fronte ai suoi occhi innocenti. Cosa stava accadendo nel Trentino degli anni della prima guerra mondiale?<\/p>\n<p>L&#8217;originale ricerca di Andrea Benato prova oggi a squarciare il velo d\u2019ombra che da oltre un secolo avvolge una intera regione. Ci si imbatte cos\u00ec in archivi andati perduti, vecchie storie che sembravano ormai sepolte assieme ai loro protagonisti, enigmi che si fanno sempre pi\u00f9 oscuri anzich\u00e9 schiarirsi. Alla fine di questo &#8220;giallo storico&#8221; riemerge una verit\u00e0 che, forse, si sarebbe preferito tenere celata.<\/p>\n","protected":false},"excerpt":{"rendered":"<p><strong>di Andrea Benato<\/strong><\/p>\n","protected":false},"featured_media":2362,"comment_status":"open","ping_status":"closed","template":"","meta":[],"product_brand":[],"product_cat":[164,195],"product_tag":[246,245,244],"class_list":{"0":"post-2361","1":"product","2":"type-product","3":"status-publish","4":"has-post-thumbnail","6":"product_cat-catalogo","7":"product_cat-la-storia","8":"product_tag-andrea-benato","9":"product_tag-gialli-storici","10":"product_tag-grange-guerra","11":"archive-loop-container","13":"first","14":"instock","15":"shipping-taxable","16":"purchasable","17":"product-type-simple"},"_links":{"self":[{"href":"https:\/\/shop.tracciatieditore.it\/index.php\/wp-json\/wp\/v2\/product\/2361","targetHints":{"allow":["GET"]}}],"collection":[{"href":"https:\/\/shop.tracciatieditore.it\/index.php\/wp-json\/wp\/v2\/product"}],"about":[{"href":"https:\/\/shop.tracciatieditore.it\/index.php\/wp-json\/wp\/v2\/types\/product"}],"replies":[{"embeddable":true,"href":"https:\/\/shop.tracciatieditore.it\/index.php\/wp-json\/wp\/v2\/comments?post=2361"}],"wp:featuredmedia":[{"embeddable":true,"href":"https:\/\/shop.tracciatieditore.it\/index.php\/wp-json\/wp\/v2\/media\/2362"}],"wp:attachment":[{"href":"https:\/\/shop.tracciatieditore.it\/index.php\/wp-json\/wp\/v2\/media?parent=2361"}],"wp:term":[{"taxonomy":"product_brand","embeddable":true,"href":"https:\/\/shop.tracciatieditore.it\/index.php\/wp-json\/wp\/v2\/product_brand?post=2361"},{"taxonomy":"product_cat","embeddable":true,"href":"https:\/\/shop.tracciatieditore.it\/index.php\/wp-json\/wp\/v2\/product_cat?post=2361"},{"taxonomy":"product_tag","embeddable":true,"href":"https:\/\/shop.tracciatieditore.it\/index.php\/wp-json\/wp\/v2\/product_tag?post=2361"}],"curies":[{"name":"wp","href":"https:\/\/api.w.org\/{rel}","templated":true}]}}

<p>Una notte del 1915 il parroco di Besenello, in provincia di Trento, scompare. Un intero paese si chiede che fine abbia fatto.Una bambina di appena 5 anni rimane sotto shock tanto che, ormai centenaria, continua a raccontare l&#8217;episodio, mai chiarito, assieme ad altri casi di “scomparsi” dal paese. Come quello di una donna, arrestata dalle autorità in un anno imprecisato di fronte ai suoi occhi innocenti. Cosa stava accadendo nel Trentino degli anni della prima guerra mondiale?</p>
<p>L&#8217;originale ricerca di Andrea Benato prova oggi a squarciare il velo d’ombra che da oltre un secolo avvolge una intera regione. Ci si imbatte così in archivi andati perduti, vecchie storie che sembravano ormai sepolte assieme ai loro protagonisti, enigmi che si fanno sempre più oscuri anziché schiarirsi. Alla fine di questo &#8220;giallo storico&#8221; riemerge una verità che, forse, si sarebbe preferito tenere celata.</p>
