{"id":2480,"date":"2025-11-20T10:48:32","date_gmt":"2025-11-20T09:48:32","guid":{"rendered":"https:\/\/shop.tracciatieditore.it\/?post_type=product&#038;p=2480"},"modified":"2025-11-20T10:53:56","modified_gmt":"2025-11-20T09:53:56","slug":"giovani-senza-confini","status":"publish","type":"product","link":"https:\/\/shop.tracciatieditore.it\/index.php\/prodotto\/giovani-senza-confini\/","title":{"rendered":"Giovani senza confini"},"content":{"rendered":"<p>\u00abPerch\u00e9 i giovani se ne vanno e lasciano l\u2019Italia?\u00bb Se lo \u00e8 chiesto Mariano Berti, trevigiano, autore di numerosi lavori in tema di migrazione, che dopo avere raccolto e raccontato storie del passato in questa nuova opera mette a confronto le esperienze di chi, italiano, \u00e8 partito tra Otto e Novecento, e quelle di alcuni giovani d&#8217;oggi.<\/p>\n<p>La migrazione giovanile \u00e8 un fenomeno complesso, non legato pi\u00f9 a motivazioni solo di ordine economico, non si fugge pi\u00f9 insomma dalla povert\u00e0, ma la ricerca di una vita diversa rimane sempre una motivazione valida. Oggi si viaggio pi\u00f9 facilmente, per lavoro e per svago, per solidariet\u00e0, per studio, per fare esperienze diverse.<\/p>\n<p>Ma per comprendere anche le dinamiche moderne \u00ab\u00e8 necessario \u2013 scrive Berti \u2013 riferirsi alle migrazioni storiche, cos\u00ec da poterne rilevare analogie e differenze. Le migrazioni costituiscono infatti una costante nella storia dell\u2019umanit\u00e0, sono alimentate da esigenze di libert\u00e0, miglioramento della qualit\u00e0 della vita, ricerca di nuove opportunit\u00e0 relazionali e desiderio di scoperta\u00bb.<\/p>\n<p>Nel libro, come scrive nella prefazione Franco Conte, presidente dell&#8217;Associazione Internazionale Trevisani nel Mondo, Berti \u00abdelinea gli aspetti essenziali delle grandi emigrazioni del passato che hanno modellato culture, economie e societ\u00e0 in tutto il mondo e presenta alcune interessanti esperienze della nuova, recente e-migrazione. Storie di giovani partiti per arricchire il proprio bagaglio culturale, professionale e umano, che sono riusciti a cogliere le opportunit\u00e0 che il destino ha fatto loro incontrare, spesso diventando eccellenze a livello mondiale e motivo di orgoglio per l\u2019Italia\u00bb.<\/p>\n","protected":false},"excerpt":{"rendered":"<p><span style=\"color: #993300;\"><em><strong>Migranti e migrazioni di ieri e di oggi<\/strong><\/em><\/span><br \/>\ndi Mariano Berti<br \/>\n<em>pag. 192, 2025<\/em><\/p>\n","protected":false},"featured_media":2481,"comment_status":"open","ping_status":"closed","template":"","meta":[],"product_brand":[],"product_cat":[217,164],"product_tag":[256],"class_list":{"0":"post-2480","1":"product","2":"type-product","3":"status-publish","4":"has-post-thumbnail","6":"product_cat-i-tralci","7":"product_cat-catalogo","8":"product_tag-emigranti-migrazioni-trevisani-nel-mondo-mariano-berti-giovani","9":"archive-loop-container","11":"first","12":"instock","13":"shipping-taxable","14":"purchasable","15":"product-type-simple"},"_links":{"self":[{"href":"https:\/\/shop.tracciatieditore.it\/index.php\/wp-json\/wp\/v2\/product\/2480","targetHints":{"allow":["GET"]}}],"collection":[{"href":"https:\/\/shop.tracciatieditore.it\/index.php\/wp-json\/wp\/v2\/product"}],"about":[{"href":"https:\/\/shop.tracciatieditore.it\/index.php\/wp-json\/wp\/v2\/types\/product"}],"replies":[{"embeddable":true,"href":"https:\/\/shop.tracciatieditore.it\/index.php\/wp-json\/wp\/v2\/comments?post=2480"}],"wp:featuredmedia":[{"embeddable":true,"href":"https:\/\/shop.tracciatieditore.it\/index.php\/wp-json\/wp\/v2\/media\/2481"}],"wp:attachment":[{"href":"https:\/\/shop.tracciatieditore.it\/index.php\/wp-json\/wp\/v2\/media?parent=2480"}],"wp:term":[{"taxonomy":"product_brand","embeddable":true,"href":"https:\/\/shop.tracciatieditore.it\/index.php\/wp-json\/wp\/v2\/product_brand?post=2480"},{"taxonomy":"product_cat","embeddable":true,"href":"https:\/\/shop.tracciatieditore.it\/index.php\/wp-json\/wp\/v2\/product_cat?post=2480"},{"taxonomy":"product_tag","embeddable":true,"href":"https:\/\/shop.tracciatieditore.it\/index.php\/wp-json\/wp\/v2\/product_tag?post=2480"}],"curies":[{"name":"wp","href":"https:\/\/api.w.org\/{rel}","templated":true}]}}

<p>«Perché i giovani se ne vanno e lasciano l’Italia?» Se lo è chiesto Mariano Berti, trevigiano, autore di numerosi lavori in tema di migrazione, che dopo avere raccolto e raccontato storie del passato in questa nuova opera mette a confronto le esperienze di chi, italiano, è partito tra Otto e Novecento, e quelle di alcuni giovani d&#8217;oggi.</p>
<p>La migrazione giovanile è un fenomeno complesso, non legato più a motivazioni solo di ordine economico, non si fugge più insomma dalla povertà, ma la ricerca di una vita diversa rimane sempre una motivazione valida. Oggi si viaggio più facilmente, per lavoro e per svago, per solidarietà, per studio, per fare esperienze diverse.</p>
<p>Ma per comprendere anche le dinamiche moderne «è necessario – scrive Berti – riferirsi alle migrazioni storiche, così da poterne rilevare analogie e differenze. Le migrazioni costituiscono infatti una costante nella storia dell’umanità, sono alimentate da esigenze di libertà, miglioramento della qualità della vita, ricerca di nuove opportunità relazionali e desiderio di scoperta».</p>
<p>Nel libro, come scrive nella prefazione Franco Conte, presidente dell&#8217;Associazione Internazionale Trevisani nel Mondo, Berti «delinea gli aspetti essenziali delle grandi emigrazioni del passato che hanno modellato culture, economie e società in tutto il mondo e presenta alcune interessanti esperienze della nuova, recente e-migrazione. Storie di giovani partiti per arricchire il proprio bagaglio culturale, professionale e umano, che sono riusciti a cogliere le opportunità che il destino ha fatto loro incontrare, spesso diventando eccellenze a livello mondiale e motivo di orgoglio per l’Italia».</p>
